
Calculate the greatest common factor of 89564448 and 336.
48
Calculate the highest common factor of 30315 and 195849.
141
Calculate the greatest common factor of 21238210 and 889.
889
Calculate the highest common divisor of 1920 and 86157120.
960
What is the greatest common divisor of 19812 and 4221516?
156
Calculate the greatest common factor of 126 and 156002224.
14
What is the greatest common factor of 273309 and 4421874?
699
Calculate the highest common factor of 45 and 80723985.
15
What is the highest common factor of 52493771 and 341?
11
What is the highest common factor of 18800 and 15531200?
400
Calculate the greatest common divisor of 1035775015 and 25190.
12595
Calculate the highest common factor of 5252 and 133276.
52
Calculate the greatest common divisor of 2986155 and 720.
45
Calculate the highest common factor of 3258382 and 7018.
58
Calculate the greatest common factor of 61740 and 10860.
60
Calculate the highest common factor of 330437 and 1386752.
5417
Calculate the greatest common divisor of 88437 and 93603.
123
What is the greatest common divisor of 214179 and 441?
147
What is the greatest common divisor of 154328 and 11918?
202
Calculate the highest common factor of 1035747 and 437.
19
What is the greatest common divisor of 557613 and 651?
21
What is the greatest common factor of 1593 and 10625841?
531
What is the highest common divisor of 20 and 39632380?
20
What is the greatest common factor of 23817 and 60548418?
1401
Calculate the highest common divisor of 526 and 228554627.
263
What is the greatest common factor of 1238195 and 175525?
595
What is the highest common factor of 42 and 51467241?
21
Calculate the greatest common divisor of 90 and 9322758.
18
What is the greatest common divisor of 18161 and 2067676?
13
What is the greatest common factor of 1540812750 and 150?
150
What is the greatest common factor of 289650 and 800?
50
What is the greatest common factor of 13824 and 974808?
216
Calculate the greatest common factor of 64692 and 12624.
12
Calculate the highest common factor of 256 and 112541056.
128
What is the highest common divisor of 2645 and 77203525?
115
What is the highest common factor of 225316 and 1820?
364
Calculate the highest common factor of 1105914 and 722.
38
What is the greatest common divisor of 3433507 and 5486327?
3311
What is the greatest common factor of 41 and 153561154?
41
What is the greatest common factor of 10815 and 11248321?
721
What is the greatest common factor of 238411 and 4933799?
569
What is the highest common divisor of 112432311 and 63?
9
Calculate the highest common divisor of 359 and 30512.
1
Calculate the greatest common factor of 26 and 4661215.
13
Calculate the greatest common factor of 242609620 and 20.
20
Calculate the greatest common divisor of 17760 and 3098565.
555
Calculate the highest common factor of 30707744 and 96.
32
What is the highest common divisor of 2400691 and 823?
823
Calculate the greatest common factor of 140 and 35432110.
70
What is the highest common factor of 11122 and 209326?
166
What is the highest common divisor of 26742552 and 72?
24
What is the greatest common divisor of 670 and 677262?
2
What is the greatest common factor of 1219708 and 11836930?
4802
Calculate the greatest common factor of 884 and 10837684.
52
Calculate the greatest common factor of 3516 and 30252.
12
Calculate the highest common factor of 69 and 1262560137.
69
Calculate the greatest common divisor of 867 and 110123739.
867
What is the greatest common factor of 17 and 5272108?
17
Calculate the highest common divisor of 110231 and 107498.
911
What is the highest common factor of 2988846 and 26?
2
Calculate the greatest common factor of 18810912 and 20064.
1824
Calculate the highest common factor of 2920 and 807863260.
1460
What is the highest common factor of 102847704 and 72?
24
What is the highest common divisor of 8562402 and 216?
54
Calculate the greatest common divisor of 143757622 and 10932.
1822
What is the greatest common divisor of 1260735 and 2625?
105
Calculate the highest common factor of 28749353 and 58.
29
What is the highest common divisor of 65324460 and 10480?
2620
Calculate the highest common divisor of 150830122 and 10116.
562
Calculate the highest common divisor of 71148 and 7018.
242
Calculate the highest common divisor of 2016 and 31818.
6
What is the highest common factor of 422 and 306583?
211
Calculate the greatest common divisor of 16526331 and 27.
9
Calculate the highest common factor of 923303 and 9802544.
8629
Calculate the highest common factor of 236878 and 7956.
34
What is the greatest common divisor of 65380 and 3528652?
1868
Calculate the highest common divisor of 180091816 and 1592.
1592
Calculate the highest common divisor of 4176684 and 72.
36
What is the greatest common factor of 847970 and 3078?
38
Calculate the greatest common divisor of 95653 and 10909108.
2333
What is the greatest common factor of 412 and 71950959?
103
Calculate the greatest common divisor of 46197 and 34113918.
5133
Calculate the greatest common divisor of 22544562 and 402.
402
What is the greatest common factor of 255707 and 4699?
37
Calculate the highest common factor of 397782 and 347886.
1386
Calculate the greatest common divisor of 1506821390 and 1220.
610
Calculate the greatest common divisor of 398831794 and 258.
86
What is the highest common divisor of 628401 and 20677?
899
Calculate the greatest common factor of 9966894 and 49.
49
Calculate the highest common factor of 743766 and 2257626.
6582
What is the highest common factor of 22781 and 121429?
209
What is the highest common factor of 230 and 930005?
115
Calculate the highest common factor of 359945073 and 27.
27
What is the highest common divisor of 54332 and 1272008?
3196
What is the greatest common factor of 61768 and 7364?
28
What is the highest common factor of 186 and 15728160?
186
Calculate the highest common factor of 448544 and 352.
32
What is the highest common factor of 63953508 and 24?
12
Calculate the greatest common factor of 237682175 and 75.
25
What is the highest common factor of 4421759 and 6731?
127
What is the greatest common divisor of 1080528 and 48?
48
What is the greatest common factor of 103611171 and 2726?
1363
What is the greatest common factor of 755067869 and 34?
17
Calculate the greatest common divisor of 31842 and 762120.
522
What is the highest common divisor of 205 and 2309403925?
205
What is the highest common factor of 950690 and 3811?
103
Calculate the highest common factor of 1254 and 1498134.
66
What is the greatest common factor of 1221 and 586377?
33
What is the greatest common factor of 6 and 1502934?
6
Calculate the highest common divisor of 4599370 and 10.
10
What is the highest common divisor of 25920 and 3508920?
3240
Calculate the highest common divisor of 1462858 and 3557282.
5398
Calculate the greatest common divisor of 27690 and 130026.
78
What is the highest common divisor of 42775 and 416875?
725
What is the greatest common factor of 233327501 and 55?
11
What is the greatest common factor of 5166 and 20917638?
126
What is the greatest common factor of 152 and 16863272?
8
Calculate the greatest common factor of 68834374 and 28.
14
What is the greatest common divisor of 35866783 and 31142?
677
What is the greatest common factor of 47627 and 108020?
491
Calculate the highest common factor of 2756 and 182338.
26
Calculate the greatest common factor of 6985703 and 943.
41
What is the greatest common factor of 22 and 265606?
22
Calculate the greatest common factor of 55680975 and 25.
25
Calculate the greatest common factor of 289609 and 1240016.
4079
What is the greatest common divisor of 63729 and 62371?
97
Calculate the greatest common factor of 310838 and 194821.
2189
Calculate the greatest common factor of 235611 and 5918682.
1671
Calculate the highest common factor of 176690 and 6070.
10
What is the greatest common factor of 618403728 and 16?
16
Calculate the highest common factor of 36 and 20799063.
9
What is the greatest common factor of 3182 and 670588?
74
What is the greatest common factor of 258636 and 11436?
12
Calculate the greatest common factor of 711264 and 837.
93
What is the highest common divisor of 1232 and 2471056?
112
What is the gre